 base 8, what is -40 + -3?
-43
In base 5, what is 10 - -3220?
3230
In base 4, what is -103 + 13?
-30
In base 8, what is -2 + 23?
21
In base 3, what is 2 - -1010?
1012
In base 9, what is -11 + 311?
300
In base 13, what is 0 - -1b1?
1b1
In base 7, what is 15112 + 2?
15114
In base 4, what is -2 + -1?
-3
In base 2, what is 101 - 1010011011?
-1010010110
In base 3, what is -10 + 1012222?
1012212
In base 13, what is 5 - -53?
58
In base 9, what is 0 + 37?
37
In base 5, what is 10 - 143?
-133
In base 13, what is -2 + 63?
61
In base 12, what is -3 + 3?
0
In base 5, what is 1 + 1044?
1100
In base 11, what is -4 - -24?
20
In base 8, what is 1 + -11044?
-11043
In base 9, what is -235 - -34?
-201
In base 16, what is -5 + -94?
-99
In base 4, what is 10011 + -3?
10002
In base 6, what is 15 + -155?
-140
In base 7, what is -6 - -5125?
5116
In base 4, what is 102 + -1120?
-1012
In base 7, what is -1336 - -11?
-1325
In base 10, what is -300 + 4?
-296
In base 12, what is -4 - 1475?
-1479
In base 2, what is -1001 - 1?
-1010
In base 9, what is -1 - 672?
-673
In base 13, what is 21a - -9?
226
In base 11, what is 10 - -2?
12
In base 8, what is 304 + -4?
300
In base 9, what is 110 - -1?
111
In base 7, what is 2 - -4621?
4623
In base 3, what is 12 - -10211?
11000
In base 8, what is -10 - -141?
131
In base 6, what is -5 - -1343?
1334
In base 16, what is -5 - -49?
44
In base 7, what is 15 + 11?
26
In base 13, what is 222 + -4?
21b
In base 13, what is -88c + 4?
-888
In base 2, what is 11110 + 11?
100001
In base 3, what is -201 + -212211?
-220112
In base 13, what is 5 + -23?
-1b
In base 14, what is -4 + 2a?
26
In base 10, what is -148 + 7?
-141
In base 4, what is -2 + -102?
-110
In base 11, what is 103 + 17?
11a
In base 15, what is -125 - 6?
-12b
In base 4, what is -32 - -303?
211
In base 5, what is -32110 - 3?
-32113
In base 11, what is -2 + 593?
591
In base 3, what is -21 - -2022?
2001
In base 14, what is -a7 + -b?
-b4
In base 2, what is -11 - -1111011110?
1111011011
In base 2, what is 1100011 + -101011?
111000
In base 8, what is -406 + -22?
-430
In base 14, what is 430 + -3?
42b
In base 7, what is -225 - 10?
-235
In base 13, what is -5 + -31?
-36
In base 2, what is 101 + 1111010?
1111111
In base 8, what is -10656 - 4?
-10662
In base 14, what is 18 - c?
a
In base 9, what is 43 - -8?
52
In base 2, what is 110001 - -11?
110100
In base 15, what is 3 + -42?
-3e
In base 7, what is 133042 - 2?
133040
In base 6, what is 3 - 22042?
-22035
In base 12, what is -17 - -16?
-1
In base 16, what is -21 - -17d?
15c
In base 4, what is -11 + 122131?
122120
In base 5, what is -4 + 100?
41
In base 15, what is -2236 - 2?
-2238
In base 7, what is -11 - 126?
-140
In base 6, what is 3 + -54?
-51
In base 6, what is -2 + 20554?
20552
In base 5, what is 3334 - -104?
3443
In base 3, what is -20011 + 1?
-20010
In base 6, what is -101 + 24?
-33
In base 14, what is 66 - -1?
67
In base 7, what is -1334 + 0?
-1334
In base 14, what is 5 - -b9c?
ba3
In base 10, what is 4 - -48?
52
In base 5, what is 10 + 114241?
114301
In base 4, what is 220 - -10?
230
In base 8, what is 3 - -2406?
2411
In base 15, what is 9e - 1?
9d
In base 14, what is 5 + -c4?
-bd
In base 16, what is 214 - -29?
23d
In base 16, what is 0 - 2b5?
-2b5
In base 16, what is 6 - -9?
f
In base 11, what is -238 + 1?
-237
In base 3, what is 10 + -11010222?
-11010212
In base 5, what is 41040 + 4?
41044
In base 13, what is -1 - 2aa6?
-2aa7
In base 15, what is 2 + -220?
-21d
In base 12, what is 2 + -179?
-177
In base 4, what is -11 + 21033?
21022
In base 14, what is -3 - -175?
172
In base 14, what is -b4 + -5?
-b9
In base 5, what is -34 - -401?
312
In base 12, what is 4 - 11?
-9
In base 12, what is 4 - -125?
129
In base 5, what is -1 + -142?
-143
In base 13, what is -1 + b3?
b2
In base 3, what is -122 + 100012?
22120
In base 14, what is -10 - 1c?
-2c
In base 4, what is -3330 + -302?
-10232
In base 15, what is 1c6d - -5?
1c73
In base 6, what is -1 + -35343?
-35344
In base 5, what is -4 + 10424?
10420
In base 13, what is -91 + 2?
-8c
In base 8, what is 40733 - -1?
40734
In base 4, what is -23 + -10233?
-10322
In base 4, what is -200 + -13?
-213
In base 5, what is 2 + 43?
100
In base 8, what is 33 + -257?
-224
In base 10, what is 5 - 64?
-59
In base 14, what is 0 - 5d3?
-5d3
In base 9, what is -31 - 411?
-442
In base 7, what is 130616 - 2?
130614
In base 13, what is -80a - -3?
-807
In base 5, what is 1042 - -2?
1044
In base 8, what is 72 + -4?
66
In base 6, what is 1 - -111?
112
In base 12, what is -5 - -2b?
26
In base 4, what is 22 - -11?
33
In base 8, what is 574 - 43?
531
In base 16, what is -1aa + -2?
-1ac
In base 5, what is 10 + -4422?
-4412
In base 10, what is -20 - 7?
-27
In base 2, what is -100001010000000 + -10?
-100001010000010
In base 13, what is -4 + -242?
-246
In base 4, what is -1131 + -20?
-1211
In base 7, what is -151 - 1?
-152
In base 5, what is 412 - 1212?
-300
In base 15, what is -53 + -3?
-56
In base 5, what is 21022 + 0?
21022
In base 5, what is 1 + 10030?
10031
In base 12, what is -313 - -2b?
-2a4
In base 13, what is 2 - -66?
68
In base 13, what is -5 + -1b5?
-1ba
In base 6, what is 40 + 34?
114
In base 14, what is -d70 - 5?
-d75
In base 12, what is 80 - 1?
7b
In base 4, what is 10 + -210301?
-210231
In base 2, what is -100001 + -10?
-100011
In base 5, what is -21021 - 4?
-21030
In base 4, what is 32 + -3220?
-3122
In base 5, what is 20 - -442?
1012
In base 16, what is 0 + -beb?
-beb
In base 6, what is -10 + -525?
-535
In base 8, what is 5756 + 6?
5764
In base 8, what is 115 - 0?
115
In base 12, what is 457 + -26?
431
In base 4, what is 2 - 2020?
-2012
In base 3, what is 202 - 111?
21
In base 9, what is 83 - 52?
31
In base 14, what is -3 - -d8?
d5
In base 5, what is 10013 + -10?
10003
In base 14, what is -2 - 13d?
-141
In base 5, what is 10 - -1220?
1230
In base 12, what is 6 - -20?
26
In base 8, what is 1166 - -10?
1176
In base 15, what is 7 - 3a?
-33
In base 2, what is 111110000011 - -1?
111110000100
In base 12, what is -3 - -13aa?
13a7
In base 14, what is -21a + 13?
-207
In base 10, what is 1 + -64?
-63
In base 10, what is 571 + -1?
570
In base 5, what is -4 - -4342?
4333
In base 11, what is -2 + -1553?
-1555
In base 3, what is -1 - 100112?
-100120
In base 8, what is 13 + -17?
-4
In base 4, what is 3 - 301?
-232
In base 4, what is -332 + -10?
-1002
In base 9, what is -7 + -248?
-256
In base 7, what is -502 + 1?
-501
In base 12, what is 130 - 7?
125
In base 10, what is -1126 + 3?
-1123
In base 16, what is 14 + -b?
9
In base 10, what is 3 - -165?
168
In base 12, what is 19 + -864?
-847
In base 4, what is 11 + 111?
122
In base 4, what is 202 + -230?
-22
In base 8, what is -5 + -127?
-134
In base 2, what is -1010100000 - -10?
-1010011110
In base 10, what is -5 + -116?
-121
In base 12, what is -276 + 6?
-270
In base 2, what is -111000 - 10?
-111010
In base 14, what is -1 + 1782?
1781
In base 2, what is -111000 + -11?
-111011
In base 14, what is 5 - 3?
2
In base 3, what is -11 + 22122211?
22122200
In base 11, what is -15 + -718?
-732
In base 14, what is 2 + -4b?
-49
In base 7, what is 0 - 64?
-64
In base 16, what is -4 + 258?
254
In base 6, what is 445 - 12?
433
In base 3, what is 12112 - 11011?
1101
In base 16, what is 197 - 2?
195
In base 4, what is 133220 + -12?
133202
In base 4, what is 2 + -2101?
-2033
In base 4, what is 1 - 1021003?
-1021002
In base 12, what is 3 + 4b?
52
In base 15, what is -30 + 4?
-2b
In base 2, what is -101 + -1111010000?
-1111010101
In base 3, what is -1112002 + 0?
-1112002
In base 9, what is -154 - -12?
-142
In base 16, what is 60b - 5?
606
In base 13, what is -5 - c?
-14
In base 3, what is 12 + 200000?
200012
In base 2, what is 101100111110 - -10?
101101000000
In base 11, what is -1 + -1?
-2
In base 8, what is 1 + 15364?
15365
In base 12, what is 159 + -20?
139
In base 7, what is 1 + 6544?
6545
In base 5, what is 123 - -1423?
2101
In base 15, what is 7d - -3?
81
In base 11, what is -419 + 25?
-3a4
In base 14, what is -10c - -21?
-cb
In base 12, what is 1 + -2b7?
-2b6
In base 10, what is -13 + -1?
-14
In base 5, what is 10 - 4400?
-4340
In base 11, what is 18 + -444?
-427
In base 8, what is 0 + 1043?
1043
In base 12, what is -176 + 5?
-171
In base 11, what is -1 - -4?
3
In base 10, what is 70 + 8?
78
